 + -1 + 72/(-24) is divided by k?
0
What is the remainder when 356 is divided by (99 - 102)*(2 + (-158)/6)?
64
Let l = -1657 + 1662. Let h(s) = -3*s - 3. Calculate the remainder when l is divided by h(-2).
2
Suppose -5*m - 260 = -m. Let g = m + 66. Let a(q) = -q - 3. What is the remainder when g is divided by a(-4)?
0
Suppose 5*c = 3*y + 3*c - 8, y + 3*c + 12 = 0. Suppose y*p - 18 = -p - 2*i, -5*i - 36 = -2*p. Calculate the remainder when p is divided by 7.
4
Suppose 1943 = 76*m + 119. What is the remainder when 136 is divided by m?
16
Suppose -2*w + w + i = -20, -3*w - i + 56 = 0. Let z(x) = 2*x - 2. What is the remainder when w is divided by z(6)?
9
Let b(l) = -8*l**3 + 107*l**2 - 17*l + 1. Calculate the remainder when b(13) is divided by 48.
47
Suppose -2*j + 15 = 3*h, -h + 2 = -5*j - 3. Suppose j = -4*z + 11 + 29. Calculate the remainder when 18 is divided by z.
8
Let z be (16/(-64))/((-1)/20). Suppose 5*g + 4 - 44 = z*v, v - 16 = -2*g. Calculate the remainder when 20 is divided by g.
4
Let l(p) = -p - 4. Let x(f) = -1 - 1 + 4*f**3 - f**2 + f + 1. Calculate the remainder when x(1) is divided by l(-6).
1
Let u be 15/5 + 1 + 13. Suppose -3*h = -4*i - 23 - u, 3*h = -i + 50. Calculate the remainder when 30 is divided by h.
14
Let j be ((-3)/(-2))/((-3)/4). What is the remainder when 4/((-580)/(-825) + j/3) is divided by 28?
26
Suppose 18 = 3*p - 2*p. Suppose 0 = -2*d + 11 - 1. What is the remainder when (d - (-65 + 3)) + 2 + 1 is divided by p?
16
Let z = 18 - 17. Let l be (-5 + 5)/(z*3). Suppose -2*y = -m - l*m - 10, m - 39 = -5*y. Calculate the remainder when 25 is divided by y.
4
Let j(f) = 4*f - 127. Let z be j(32). Let o(m) = 24*m + 2 - 5*m + 0. Calculate the remainder when 82 is divided by o(z).
19
Let u(d) = d**2 + 2*d + 5. Let g be u(-3). Suppose 0 = -g*l + 7*l + 112. Calculate the remainder when l is divided by 39.
34
Suppose a - 29*a = -252. Calculate the remainder when 121 is divided by a.
4
Let r be (48/14)/((-1)/(-7)). Suppose n + r = 97. Calculate the remainder when n is divided by 15.
13
Let a = 23 + -7. Let g(j) = -2*j**3 + 84*j**2 + 6*j - 246. Calculate the remainder when a is divided by g(42).
4
Suppose 83*j - 2146 = 9*j. What is the remainder when 178 is divided by j?
4
Let l(m) be the second derivative of -2*m - 8/3*m**3 - 3/2*m**2 + 0. Calculate the remainder when l(-2) is divided by 9.
2
Let s be 8/(-10)*40/(-16). Suppose -s*r + 4 = -22. Suppose 6*x - r = 5*x. Calculate the remainder when 23 is divided by x.
10
Let n be (-90)/50 + (-1)/5. Let z be ((-20)/6)/(n/(-24)). Let t = 88 + z. Calculate the remainder when t is divided by 13.
9
Calculate the remainder when (-9 - (-182)/21)*-1287 is divided by 48.
45
Suppose 3*y = 2*d + 88, 2*y - 62 = -0*y - 2*d. Let s = 36 - y. What is the remainder when 71 is divided by s?
5
Let l be (-1)/(-7) + (-628)/(-14). Let y = l - 12. Suppose 4*v = v + y. What is the remainder when v is divided by 8?
3
Suppose 42 = 3*q + 33. Suppose 55 = 5*a - 2*a + 4*j, -20 = -a - q*j. What is the remainder when 61 is divided by a?
10
What is the remainder when 44 is divided by ((-10)/(-7))/((-1)/(-42)*3)?
4
Let g = -29 - -34. Suppose -4*l = g*l - 207. What is the remainder when 89 is divided by l?
20
Suppose 91 = -3*j - 2. Let f = j + 44. Calculate the remainder when 494/10 + (-20)/50 is divided by f.
10
Let f = 347 + -320. What is the remainder when f is divided by (2 - (-4)/(-1)) + 17?
12
Let h be ((-2)/6 + (-15)/36)*-192. Suppose -5*c + 4*f = 43 - h, -16 = 4*f. Calculate the remainder when c is divided by 11.
6
Suppose 0 = 3*z - 4*j - 37, -32 = -5*z - 3*j + 49. What is the remainder when 47 is divided by z?
2
Let v = 627 - 311. What is the remainder when v is divided by 81?
73
Suppose 13*w + 13 = 52. What is the remainder when -1 + (-22)/(4/(-2)) is divided by w?
1
Let b(i) = -i**3 + 5*i**2 - 2*i - 9. Calculate the remainder when 3 is divided by b(3).
0
Let r = -232 + 271. Calculate the remainder when r is divided by 15.
9
Let o(t) = -3*t**2 - 52*t + 39. Calculate the remainder when o(-15) is divided by 22.
12
Suppose -20 = -2*m + 2*o, 0 = -4*m + 22*o - 26*o + 56. Calculate the remainder when 53 is divided by m.
5
Let h(j) = -5*j**2 + 6*j + 4. Let v(o) = -6*o**2 + 6*o + 3. Let c(d) = 5*h(d) - 4*v(d). What is the remainder when 28 is divided by c(4)?
12
Let i(a) = -a**2 - 34*a + 84. Calculate the remainder when i(-35) is divided by 17.
15
Suppose u + 6*s + 7 = 2*s, u = -3*s - 7. Let t = u - -9. What is the remainder when 15 is divided by t?
1
Let q be (-5570)/30 - (-4)/6. What is the remainder when 1*2*q/(-10) is divided by 10?
7
Let f be ((-10)/(20/(-18)))/((-3)/2). Let a(x) = 2*x**2 + 11*x - 2. Calculate the remainder when 14 is divided by a(f).
2
Let r(w) = w**3 + 6*w**2 - 8*w - 3. Let b be r(-7). Suppose b*t - 80 = -4*t. Suppose -11*x = -t*x - 113. What is the remainder when x is divided by 29?
26
Suppose 2 = 8*q - 6*q. Calculate the remainder when 25 is divided by q/(4/(-10)*40/(-144)).
7
Let w = 15 + -13. Let m = 4 - w. Suppose 3*a = 2*z - 22, 3*z - 37 = m*z - 5*a. Calculate the remainder when z is divided by 10.
7
Calculate the remainder when (-101639)/(-268) - 1/4 is divided by 95.
94
Suppose 2*n = -2, 6*n = 4*d + 8*n - 6. What is the remainder when 123 is divided by (52/20 - d)/(3/90)?
15
Let d be (5/(-2))/((-14)/(-28)). Calculate the remainder when 4 - -32 - (-2 - (d + 2)) is divided by 12.
11
Let g(v) = v**2 - 18*v + 34. Suppose 4*y - 31 = -z, -5*y - 5*z + 41 = -3*z. Calculate the remainder when y is divided by g(16).
1
Let f = -3 + 86. Suppose 78 = 4*s - 10. What is the remainder when f is divided by s?
17
Let p(n) = 11*n**2 - 3*n - 4. Calculate the remainder when 90 is divided by p(-2).
44
Let z be (-6)/(-21) + -2*(-3)/(-21). What is the remainder when 102 is divided by (-42)/4*(z + -2)?
18
Let l = -1626 - -1677. What is the remainder when l is divided by 9?
6
Let y be (28/42)/(2/12). Suppose -y*s + 2 = -34. Calculate the remainder when 14 is divided by s.
5
Suppose -4*s - 3*u = -u - 10, -4*u + 20 = 4*s. Calculate the remainder when 12/18 - (s + (-566)/6) is divided by 24.
23
Let g = -572 - -641. What is the remainder when 217 is divided by g?
10
Let p be (-3 - 20/(-8))*0. Suppose p*s + 70 = 5*s. Calculate the remainder when 40 is divided by s.
12
Suppose 23*i - 90 = 21*i. What is the remainder when 344 is divided by i?
29
Let r(h) = -7*h**2 - 27*h. Let u(o) = -3*o**2 - 13*o. Let j(c) = -6*r(c) + 13*u(c). Let n = 45 - 29. What is the remainder when n is divided by j(3)?
4
Let d(q) = -q**3 + q**2 + 26. Calculate the remainder when d(0) is divided by (-9)/(21/(-126) - 5/6).
8
Suppose d = -3*c + 15, -8*d + 11*d - 32 = 4*c. Calculate the remainder when 79 is divided by d.
7
Suppose -12*l + 34 = -10*l. What is the remainder when 85 is divided by l?
0
Let w(x) = -15*x + 1. Suppose -76 = -5*q + q. Let f = q + -20. What is the remainder when w(f) is divided by 9?
7
Let b = 741 - 739. Let w(i) = 2*i**2 - i + 2. Let m be w(-5). Suppose -b*k + 5*k - m = 0. What is the remainder when k is divided by 7?
5
Suppose 0 = 4*k + 16, 0 = -w - 2*w + k + 16. Suppose -3*z + 6*z - s - 142 = 0, -5*z - 3*s = -232. Calculate the remainder when z is divided by w.
3
Suppose -t - 3*t + 4*j = -8, 0 = -3*j. Suppose 8 = -0*b + t*b. Suppose b*d = 3*d + 26. Calculate the remainder when d is divided by 9.
8
Let j be (-217)/(-8) + 7/(-56). Suppose j - 9 = 3*u. Calculate the remainder when 21 is divided by u.
3
Suppose 2*o - 54 = 2*d, 4*o - 4*d - 30 = 3*o. What is the remainder when ((-42)/48*2)/(2/(-56)) is divided by o?
23
Let y(s) = s**3 - 11*s**2 - 14*s + 24. Let a be y(12). Suppose a = -f - 3*c + 61, f = 5*f - 2*c - 314. Calculate the remainder when f is divided by 39.
37
Let g(f) = f**2 + 12*f + 34. Calculate the remainder when 27 is divided by g(-10).
13
Suppose -3*k = -3*v + 114, 4*k - 6 - 17 = -v. Suppose 3*s - 28 = 2*p, p - 24 = -4*s + 7*p. Calculate the remainder when v is divided by s.
11
Suppose -y = -2*y + 20. Let w(z) = -2*z**2 + 49*z + 36. What is the remainder when y is divided by w(25)?
9
Let t(o) = -o**3 - 4*o**2 + 4*o - 2. Let q be t(-6). Let h = q - 34. What is the remainder when 82 is divided by h?
10
Suppose 5*d = -3*o + 64 + 55, -o + 29 = -d. What is the remainder when 195 is divided by o?
30
Let j(n)